18 - (-2)/(-9). Suppose -2*p - 2*u + 4 = j, 7 = -p + 5*u - 9. Determine f(p).
-6
Let s(q) = -q**3 - 4*q**2 - 3*q. Suppose 2*k = 5*h + 23, -2*h + 2 + 4 = 3*k. What is s(h)?
0
Let g(c) = -c**3 - c**2 - c + 2. Let o(h) = -h**2 + 8*h - 9. Let a be o(7). Calculate g(a).
8
Let v = 0 - 2. Let c = 3 - -1. Let n(b) = -1 + 3*b**3 - c*b**3 - 1. Determine n(v).
6
Let v be 60/8*(-36)/(-15). Let a be v/5 + (-2)/(-5). Let k(b) = -4*b**2 + 2 - 4*b - 5 + 3*b**2 + a. Give k(-3).
4
Let j(f) be the third derivative of -f**4/8 - f**3 - 16*f**2. Calculate j(-4).
6
Let i(m) = -4*m. Let w be 3*(3 + (-21)/9). Suppose -w + 1 = -q. What is i(q)?
-4
Suppose 5*b = -0*v + v - 14, -3*b - 14 = 5*v. Let h(k) = k**3 + 4*k**2 + 3*k + 2. Give h(b).
2
Let i(n) = n**2 + 5*n - 6. Let f be i(-5). Let a = f - -3. Let k be (a/2)/(4/8). Let t(z) = -2*z**2 - 2*z + 3. Give t(k).
-9
Let r(k) = k - 6. Let d(s) = -s**3 + 7*s**2 + 9*s - 8. Let g = -16 + 24. Let v be d(g). What is r(v)?
-6
Let l(h) = h - 1. Let f(c) = -c - 8. Let g be f(-13). Suppose -4 = 2*k - 0*k - 3*y, g*k = 2*y - 21. Give l(k).
-6
Let j be (-4)/14 + (-37)/(-7). Let i(p) = j*p - 6*p**2 + 1 + 2*p**2 + 5*p**2. Calculate i(-5).
1
Let n(i) be the first derivative of i**4/12 + i**3/3 + i**2/2 + 3*i - 2. Let t(f) be the first derivative of n(f). Give t(-2).
1
Let m(f) = 11*f**3 - 10*f**3 + 0*f + 5*f - 4*f. Let q(p) = -p**2 + 6*p - 5. Let u be q(5). What is m(u)?
0
Let q = -2 + 5. Let m(y) be the first derivative of 1/2*y**2 + 1 - 1/3*y**q + 3*y. Determine m(0).
3
Let h(s) = -2*s**2 - 2*s**2 + 0 + 3*s**2 + 4*s - 4. Calculate h(3).
-1
Suppose 2*d + 5*u + 12 = -3, -5*d - 9 = 3*u. Let i(m) = m + 9*m - 9*m + 0*m + 3. Calculate i(d).
3
Suppose 3*j + 7 = -p, 7 = -4*p + p - 2*j. Let o(v) = 6*v**3 - v**2 - v - 1. Calculate o(p).
-7
Let m(h) be the third derivative of h**5/60 - 7*h**4/24 - 2*h**3 - 3*h**2 + 4*h. Determine m(9).
6
Let g(i) = 3*i**2 - 2*i + 2. Suppose 4*j = 6*j - 10. Let p(l) = 7*l**2 - 5*l + 4. Let h(y) = j*g(y) - 2*p(y). Calculate h(-2).
6
Let x(o) be the third derivative of o**6/120 - o**4/24 - o**3 - 4*o**2. Suppose -2*m - m = 0. Give x(m).
-6
Let u(i) be the first derivative of i**3/3 - i**2/2 - i - 8. Determine u(2).
1
Let l(w) be the first derivative of w**2/2 - w + 10. Determine l(-6).
-7
Let u(c) = -2*c - 9. Suppose 0 = -4*g + 8, -4*t + 2*t = 5*g - 10. Suppose 0 = 5*h - 4*x + 18, t = 5*h + 2*x + 47 - 11. Determine u(h).
3
Let x(z) = -6*z**3 - 6*z**2 - 5*z - 13. Let t(p) = p**3 + p**2 + p. Let b(m) = -5*t(m) - x(m). Determine b(0).
13
Let s(x) = x**2 - 4*x - 2. Let q be (6*3/12)/(4/8). Calculate s(q).
-5
Let n(q) be the third derivative of -5*q**4/24 - 3*q**3/2 + 4*q**2 - 10. Determine n(-7).
26
Let g(j) = -3*j**2 - 3*j + 11. Let t(m) = -m**2 - 2*m + 5. Let s(c) = -2*g(c) + 5*t(c). What is s(6)?
15
Let r(q) = -2*q - 2*q**2 + 6*q - 3*q - 2*q - q**3. What is r(-1)?
0
Let j(p) = 6 - p + 0 + 2 + 0*p. Let r = 10 - 4. Determine j(r).
2
Let z(s) = -3*s**2 - s - 1. Let b(q) = q**3 - 3*q**2 - 1. Let c(w) = 2*b(w) - 3*z(w). Give c(-2).
-9
Suppose 0 = 3*g - 5*g + 14. Let r(v) = v**2 - 7*v + 5. Determine r(g).
5
Let z(n) = -5*n**3 - 15*n**2 + 12*n + 11. Let t(c) = 3*c**3 + 10*c**2 - 8*c - 7. Let p(l) = 8*t(l) + 5*z(l). Calculate p(3).
5
Let j(g) = 1 - 924*g + 467*g + 463*g. Give j(1).
7
Let m(s) be the third derivative of -s**8/1344 + s**7/2520 - s**6/720 - s**4/24 - 2*s**2. Let q(x) be the second derivative of m(x). Calculate q(1).
-5
Suppose -15 = -4*x - 5*t, -3*t - 14 = -4*x + 9. Let a = -6 + x. Let n(k) = 2*k - 3*k + 2*k + 3*k. Calculate n(a).
-4
Suppose 7*w - 32 = 24. Let x(a) = 3 + a**2 + w*a - a + a - 2*a. Suppose 4*k + f = -22, 6 = -4*k + 2*k + 2*f. What is x(k)?
-2
Let d = 7 + -7. Let s be (-2)/11 + (-120)/(-55). Let l(i) = -i + 3 - i**s - 1 - 4 - 2. Calculate l(d).
-4
Let y(r) = -2*r**2 + 7*r - 2. Let c = -6 + 10. Let i(v) = v**2 - 6*v + 1. Let p(t) = c*i(t) + 3*y(t). Determine p(-2).
-4
Let h(o) = 2*o**2 + 7*o - 8. Let t(a) = 3*a**2 + 13*a - 15. Let v(r) = -5*h(r) + 3*t(r). Give v(4).
-5
Let m(c) be the third derivative of -c**6/120 - c**5/60 + c**4/6 + 7*c**2. What is m(-3)?
6
Suppose -4*s = -h + 2*h - 11, 10 = 4*h - s. Suppose -2 = -3*b + 4*y, 6*y = b + y + h. Let j = -2 - b. Let n(r) = -r**3 - 5*r**2 - 6*r - 4. What is n(j)?
4
Let l(y) = -y**3 - y**2 + 1. Suppose 3 + 21 = 4*u. Let x(t) = t**2 - 5*t - 8. Let z be x(u). Give l(z).
5
Let v(t) = 4*t - 6. Let j = -24 + 49. Suppose -6*b + b + j = 0. Determine v(b).
14
Let u(q) = -q**2 + 4*q - 1. Let v be ((-35)/10)/(3/(-6)). Let b = 10 - v. What is u(b)?
2
Let c(n) = -5*n - 9. Let z(p) = -9*p - 18. Let m(k) = 11*c(k) - 6*z(k). Give m(5).
4
Suppose -5*s + n + 28 = -2*n, s = -n + 12. Suppose 5*z = -4*v + 4, 0*z - z - 3*v = s. Let d(p) = -p**3 + 5*p**2 - 4*p + 5. Determine d(z).
5
Let h be 3/(0 + (-1)/2). Let l(t) be the third derivative of t**4/24 - t**3/6 + 8*t**2. Determine l(h).
-7
Suppose 0 = 3*h + f + 3, -2*h + 5*h = f - 3. Let k(y) = -65*y**2 + 5*y. Let g(t) = 13*t**2 - t. Let p(s) = 11*g(s) + 2*k(s). Calculate p(h).
14
Let g(u) = -u**3 + 6*u**2 - u - 6. Suppose -18*o + 15 = -15*o. Calculate g(o).
14
Suppose -3 = -5*o + 17. Suppose 7*x - 3*x + 4*u - 12 = 0, 0 = -4*x + u + 2. Suppose 3*z - o*z = -x. Let s(g) = g. Determine s(z).
1
Let x(z) = 2*z + 5. Let f be -4*(-1 + (-12)/(-8)). Let q be -7 + (-1 - (f - 1)). Determine x(q).
-5
Let h(n) be the third derivative of -n**5/30 + n**4/6 - 4*n**3/3 + n**2. Let o(r) = r**2 + 1. Let z(u) = h(u) + 3*o(u). Let f = -11 + 7. Give z(f).
-5
Let s(c) = -c**3 - c**2 + 2*c. Suppose -i - i = -8. Suppose -i*k = -7*k + 6. Give s(k).
-8
Let w(l) = -l. Let r(p) = p - 1. Let t(n) = 3*n**2 - 5*n + 6. Let y be t(5). Let u be y/(-24) - 4/6. Let v(s) = u*w(s) - 2*r(s). Calculate v(-4).
-2
Let k(s) = -s**3 - 5*s**2 - s + 2. Suppose -4*o - 3*u = 29, 3*o + u + 0*u = -18. What is k(o)?
7
Let d(h) be the second derivative of h**5/20 - h**4/3 + h**3/6 - h**2 - 23*h. Give d(3).
-8
Suppose 2*h - 6 = 0, 5*k - 5*h + 20 = -0*k. Let x = -13 - -15. Let p = k + x. Let w(l) = 3*l**2 - 2*l + 1. What is w(p)?
2
Let w(b) = -1. Let l(f) = -5*f + 8. Let h(x) = 9*x - 16. Let u(z) = -6*h(z) - 11*l(z). Let v(q) = -2*u(q) - 22*w(q). Give v(-5).
16
Let v = 6 + -3. Suppose 5*f - 1 + 6 = -5*y, -f - 5*y - 13 = 0. Let n(b) = b**3 - v*b**2 + 8*b**f + 2*b**2 + 5*b - 4. Give n(-6).
2
Let p(i) = i**3 - i. Let k = 1 + -4. Let q = k + 2. Give p(q).
0
Let t be -1 - -1 - -1*7. Let r be (-69)/(-21) + (-2)/t. Let q(i) = r*i + 2 - 3 - 2. Calculate q(3).
6
Let h(v) = -v**3 + 2*v**2 - 1. Let l(g) = g + 7. Let b(o) = o**3 - 5*o**2 + 2*o + 2. Let r be b(4). Let t be l(r). What is h(t)?
0
Let a(i) be the first derivative of -i**4/4 - i**3/3 + 2*i**2 - 3*i + 4. Determine a(2).
-7
Let o(x) = -x**2 + 2*x - 1. Let l(y) = 5*y - 2. Let j = 0 + 1. Let g be l(j). Determine o(g).
-4
Let g(v) = 5*v + 5*v**2 - 5 - 4*v**2 - 2*v**2. Let w(h) = -h + 9. Let p be w(4). Calculate g(p).
-5
Let u(k) be the third derivative of k**5/60 - k**4/12 - k**3/2 - 4*k**2. Let o(q) be the first derivative of u(q). Determine o(7).
12
Let u(z) be the second derivative of -7*z - 1/6*z**3 - 1/20*z**5 + 0*z**4 - 4*z**2 + 0. Calculate u(0).
-8
Let w be 0/(2/(-1) + 3). Let q(j) = j**3 + j + 7. What is q(w)?
7
Let g(j) = -j - 7. Let v be g(-3). Let a(b) = -3 - 1 + 1 + 4. Let c(s) = -s**3 - 4*s**2 + 3*s + 10. Let h(w) = -4*a(w) + c(w). Determine h(v).
-6
Let z be (0/1)/(2 + -4). Let v = -5 - -5. Suppose z*c - c + 2 = v. Let h(t) = -t**3 + 4*t**2 - 3*t + 1. What is h(c)?
3
Let o(y) = -y + 4. Let q be ((-3)/6)/((-1)/(-2)). Let b = q + -3. Let k(g) = -3*g + 11. Let s(u) = b*k(u) + 11*o(u). Calculate s(-5).
-5
Let j(c) = 2*c - 1 - 1 + 3 - 2*c**3. Suppose 4*i = -5*z + 6, 0*i = 3*z - 4*i + 22. What is j(z)?
13
Let o(z) = -4*z**2 + z. Let b(s) = -2*s - 2. Let k(c) = 5*c + 4. Let t(l) = -7*b(l) - 3*k(l). Let a be t(3). What is o(a)?
-5
Let s(y) = -15*y**2 + 5*y**2 + 4*y**2 + 2 + 3 + y**3. Let n(o) = -o**2 - o + 6. Let z be n(0). Give s(z).
5
Let h(s) be the second derivative of s**4/12 + 5*s**3/3 + s**2 - 34*s. Calculate h(-7).
-19
Let w(j) = -4*j**2 - 3*j + 2. Let d(i) = -21*i**2 - 16*i + 9. Let f(y) = -2*d(y) + 11*w(y). Calculate f(-3).
-11
Let w be 2 - -1 - 9/9. Suppose -k = w*k. Let t(l) = k*l + 4 - l**3 - 2 + 3*l + 0 + 3*l*